 0 + 0. Give c(z).
-19
Let z(l) = -2*l**3 - 9 - 1027*l**2 + l**3 - l + 2*l + 1018*l**2. Calculate z(-9).
-18
Let f(d) = -9*d. Let k(h) = 28*h. Let x(m) = 16*f(m) + 5*k(m). Let i be x(-1). Let b(s) = -s**2 + 3*s. Determine b(i).
-4
Let l(k) = -2*k + 2. Let j(x) = -2*x**2 - 7*x - 5. Let q be j(-2). Let w be 1/(q - 14/12). Give l(w).
14
Let p(a) be the third derivative of 0 + 33*a**2 - 1/4*a**4 + 0*a - 1/60*a**5 - 3/2*a**3. Let v be ((-6 - 0) + 0)/1. What is p(v)?
-9
Let b(k) = -k**3 - 4*k**2 - k - 1. Suppose -140 = o + 34*o. Give b(o).
3
Let u(f) = -f**2 + 6*f + 7. Suppose -30*i + 48 = -24*i. Give u(i).
-9
Suppose -3*h - 2*r - r = 12, -3*h + 4*r - 26 = 0. Let w be (-5 - h)/(1/3). Let u(m) = m**2 + m - 4. Determine u(w).
8
Let r(l) = 4*l**2 - 3*l - l + 2 - 4*l**2 - 2*l**3 + 4*l**2. Let j be (2 - (0 - -3))*-4. Suppose t + 6 = j*t. Calculate r(t).
-6
Let x = -162 + 159. Let c(u) = u**2 + 2*u - 3. What is c(x)?
0
Let n(j) = -2*j**2 + 2*j - 2. Let y(b) = 5*b**2 + b - 4. Let u be y(-4). Let r = 74 - u. Determine n(r).
-6
Let o(r) = 5*r - 1. Let i(s) be the second derivative of -s**3/2 - 5*s**2/2 + 12*s. Let y be i(-2). Calculate o(y).
4
Suppose 3*u - 4*k + 3 = 0, -2*u - 53*k + 5 = -58*k. Let z(p) = 15*p + 8. Calculate z(u).
-67
Let l(m) = -m - 1. Let v = 510 - 510. What is l(v)?
-1
Suppose -2*r - 54 = -230. Let h be (-20)/15 - r/(-12). Let f(a) be the third derivative of -a**5/60 + a**4/4 + a**3 - a**2. Calculate f(h).
6
Let d(o) = 3*o**2 + 3*o + 3. Let v be 0 + 0/(1 - -1). Suppose 0 = -4*z + q + 3*q + 8, -2*q = 0. Suppose -z = n - v. What is d(n)?
9
Let n(c) = c**2 + 5*c - 5. Suppose 13*l = 16*l - p + 12, 4*l = 5*p - 16. Give n(l).
-9
Let y(b) = b - 9. Suppose -4*l + 93*i + 25 = 94*i, -2*l + 5*i + 29 = 0. Determine y(l).
-2
Let a be (18/4 - 3)*568/(-12). Let f = -67 - a. Let j(h) = -2*h - 2. What is j(f)?
-10
Let b(n) = n**2 - 8*n - 10. Let d be 1*(4 + 2)*1. Determine b(d).
-22
Let y be (6 - -1) + (7 - 10). Suppose 3*r = y*r. Let z(l) = 4 + 3*l**2 - 8 + l - 3 - 2*l**2. What is z(r)?
-7
Let x(a) = 0*a + a**2 - 1 + 2 - a. Let t(b) = b**3 + 7*b**2 - 2*b + 6. Let l(i) = i + 4. Let g be l(-5). Let n(c) = g*t(c) + 4*x(c). Give n(-2).
-2
Let m(y) = 4*y - 12. Let z(g) = -g + 1. Let k(n) = m(n) + 5*z(n). What is k(-7)?
0
Let d(g) = 22*g - 38. Let m be d(2). Let c(o) be the third derivative of 0*o + 0 - o**2 + 1/15*o**5 - 1/120*o**m - 1/2*o**3 + 7/24*o**4. Calculate c(5).
7
Let w be (1 - 2)/((-539)/(-66) + -8). Let n(x) = -3*x + x**3 + 3 - 2 + 7*x**2 + 8 + 9*x. Calculate n(w).
9
Let u(o) = o**2 - 8*o + 6. Suppose -f = f - 14. Let m be u(f). Let h(v) be the first derivative of v**3 - v**2/2 - v - 1. Give h(m).
3
Let l(b) be the first derivative of b**3/3 + 13*b**2/2 + 24*b - 619. Calculate l(-11).
2
Let d(n) = -n**3 + 4*n**2 - 3*n - 1. Suppose 5*u + 2 = 5*y - 23, -3*y + 19 = -5*u. Calculate d(y).
-1
Let t be (22 - 2)/4*(1 - -1). Let n(o) = o**3 - 10*o**2 + 1. Calculate n(t).
1
Let h(b) = -252*b - 45. Let p(a) = 6*a + 1. Let z(t) = -h(t) - 45*p(t). Let x be (-3 + 2)/(-1 + 0). Give z(x).
-18
Let t(n) = n - 9. Let l(b) = b**2 - 3*b + 2. Let q be l(3). Suppose 0 = 3*x - 5*x - q*x. Give t(x).
-9
Let t be 10*12/(-48)*(1 + -3). Let g(a) = a**2 - 3. Let m(z) = 3*z**2 + z - 8. Let n(w) = 7*g(w) - 2*m(w). Determine n(t).
10
Let t = -1069 + 1071. Let h(j) be the second derivative of -1/12*j**4 - j**t + 0 + 5/6*j**3 + j. Calculate h(5).
-2
Let f(n) = -2*n - 1. Let y(g) = -43 - 8*g - 16*g + 16*g. Let o be y(-6). Give f(o).
-11
Let y(n) be the third derivative of n**5/60 + 11*n**4/24 - 13*n**3/6 - 89*n**2. Give y(-11).
-13
Let o(t) = 2*t + 19. Let r(x) = -x - 11. Let u(l) = -4*o(l) - 7*r(l). Suppose 0 = -y + 2, 2*y + y - 6 = -3*m. Let a be u(m). Let q(v) = -v - 1. Determine q(a).
-2
Suppose 2*x = 5*s - 0*x - 24, -4*x + 42 = 5*s. Let h be (4/s)/(2/(-12)). Let d(t) = 6*t + 2. What is d(h)?
-22
Let r(z) = -z**3 + 9*z**2 + 9*z + 12. Let h = 140 - 130. What is r(h)?
2
Suppose 0 = r - 1. Let l(z) = 14*z**3 - 16*z**2 + 16*z - 16. Let v(a) = 3*a**3 - 3*a**2 + 3*a - 3. Let x(y) = 2*l(y) - 11*v(y). Determine x(r).
-4
Suppose 0 = 4*l + 4, 3*i + 0 = -5*l + 1. Let k(w) be the third derivative of 0*w - w**2 + 0 + 1/6*w**3 + 1/12*w**4. Calculate k(i).
5
Let u(m) = -2*m**3 - m - 2. Let t be u(-2). Suppose t - 4 = 3*z. Let x(h) = -h**3 + 4*h**2 - h. Calculate x(z).
-4
Let s(o) = o - 13. Suppose -120 = -4*q - 6*q. Give s(q).
-1
Let o = 5 + -9. Let i(t) = -5*t + t**2 + 0 + 6 + 8*t + 4*t. Let m be i(o). Let s(d) = d**3 + 5*d**2 - 6*d. What is s(m)?
0
Let y(q) be the third derivative of q**5/60 + 11*q**4/24 - q**3/6 - 24*q**2 + 2. Determine y(-10).
-11
Let j = 38 + -33. Let l(h) = 3 - j - 4*h + 2*h**2 + 2*h. Determine l(2).
2
Let j(b) be the first derivative of b**4/8 - b**3/3 - 7*b**2 - 20. Let y(i) be the second derivative of j(i). Give y(-4).
-14
Let n = 557 + -557. Let v(p) = -p + 2*p + 6 + 12. Calculate v(n).
18
Let h(p) be the first derivative of -p**4/4 + p**3/3 - p**2 - p + 48. Let w(k) be the second derivative of h(k). Determine w(2).
-10
Let b(o) be the second derivative of -7*o**6/120 + o**5/30 + o**4/12 + o**3/6 - 7*o**2/2 + 26*o. Let g(i) be the first derivative of b(i). Calculate g(-1).
8
Suppose -88 = n - 2*f, -4*f + 7 = -13. Let s = -55 - n. Let g(t) = s*t - 23*t - 1 - 3*t**3 + 2*t**2 - 2*t**3. Determine g(-1).
6
Let u(w) be the second derivative of 0 + 2/3*w**3 - 1/12*w**4 + 2*w**2 + 26*w. Determine u(-3).
-17
Let r(d) = 2*d + 2. Let s be r(7). Suppose -s = o + 3*o. Let c(w) be the first derivative of -w**4/4 - 4*w**3/3 - w**2/2 - w + 2. What is c(o)?
3
Suppose 4*a + 0*a = 8. Suppose 3*r - r + a = 0. Let l be (-6 - (1 + -5))/r. Let t(b) = b - 2. Give t(l).
0
Let j(y) = -y**3 - 3*y**2 + y - 9. Let n be j(-4). Suppose -2*a - 4 = -2*d - 2*d, n*a - 2 = 2*d. Let t(g) = d - 1 - 8*g + 0 + 18*g. Give t(1).
11
Let z(i) = -7*i**2 - 1. Let j = 40 + -31. Suppose -r + 4*r - 4*u = -11, 4*u - j = r. What is z(r)?
-8
Let y be ((-90)/50)/((-2)/(-10)) + 2. Let o(h) = -3*h - 13. Let r be o(y). Let l(w) = -w**3 + 7*w**2 + 8*w + 5. Determine l(r).
5
Let t = 9 - 4. Let g be 25/t*(-4)/(-5). Let u(f) = f**3 - 4*f**2 + 2*f - 2. Calculate u(g).
6
Let m(x) = 4*x**3 - 7*x + 3. Let a(q) = -5*q**3 - q**2 + 7*q - 2. Let b(p) = 3*a(p) + 4*m(p). Let g = -1823 + 1827. Give b(g).
-6
Let b = 8 + -6. Suppose 0 = 6*x - b*x + 4. Let h be (3/12*0)/x. Let f(y) = y**2 - 7. Calculate f(h).
-7
Let x(m) = m**2 + 2*m - 1. Let a(y) = y**3 - 13*y**2 - 8*y + 5. Let q(w) = -a(w) - 6*x(w). What is q(7)?
-27
Let c(b) = -3*b + 2. Let v(x) be the first derivative of -5*x**2 + 6. Let r be v(2). Let k be r/(-9) - 4/18. Determine c(k).
-4
Let y(q) be the first derivative of -q**6/360 + q**5/120 - q**4/8 + 43*q**3/3 - 21. Let s(i) be the third derivative of y(i). Calculate s(4).
-15
Let m(x) be the second derivative of x**3/6 - x**2/2 + 4182*x. Suppose -2*p + 3 = 1. Give m(p).
0
Let b(k) = k + 6. Let d(l) = 3*l + 13. Let m(j) = -5*b(j) + 2*d(j). Let x(g) = -g**2 + 10*g + 5. Let h be x(11). Let n be h/(-27) - (-25)/9. Determine m(n).
-1
Let o(d) = 17*d - 5. Let r(z) = 7*z - 2. Let j(a) = 4*o(a) - 9*r(a). Give j(5).
23
Let v(k) = 8*k + 3. Suppose 20*h - 16*h + 8 = 0. Give v(h).
-13
Let a be ((-24)/(-20))/(6/20). Let p be (-4)/(-18) + 86/18. Let t(r) = -r + r + 3*r - 2*r - p. What is t(a)?
-1
Let m(f) = 6*f + 6. Let n(y) = 5*y + 5. Let c(h) = -4*m(h) + 5*n(h). Let x be c(-6). Let z(r) = -r**2 - 4*r - 2. What is z(x)?
-7
Let y be 0 + -4 + -12 + 18. Let l(j) = y - 46*j + 47*j + 3. Let p(q) = -q**3 + 8*q**2 - 8*q + 3. Let d be p(7). Determine l(d).
1
Let q(b) = -b**3 - b**2 + 2*b + 2. Let h be 3/(-4) + (-33)/(-44). What is q(h)?
2
Let w(d) be the second derivative of -d**4/12 + 7*d**3/3 - 13*d**2/2 + 366*d. Give w(10).
27
Let m(o) = o + 1. Let x be 30/(-27)*6*3. Let n be 148/18 - x/(-90). Suppose -n*b = -5*b. Give m(b).
1
Let i = 8 + 0. Let h be 12/48 + (-10)/i. Let f(c) be the first derivative of -3*c**4/4 + c**2/2 - 3. Calculate f(h).
2
Let v(j) be the first derivative of -j**6/72 - j**5/120 - 3*j**3 + 9. Let q(u) be the third derivative of v(u). Determine q(-1).
-4
Let x(r) = r**3 + 5*r**2 + 9*r + 20. Let s be x(-4). Suppose 6*l = l. Suppose -3*b = -s*b - 2*m + 10, -5*b - 5*m = l. Let w(d) = 2*d**2 + 3*d + 2. Give w(b).
4
Let l(q) be